01221222011 (base 3) to base 4
-221113212211
What is -1d69c (base 16) in base 4?
-131122130
a7f84 (base 16) to base 5
134004004
-32914 (base 13) to base 8
-262737
-1106667 (base 11) to base 14
-387713
-44573 (base 9) to base 7
-152250
Convert -100022121012 (base 3) to base 13.
-6563c
Convert 1010011011101100110010 (base 2) to base 7.
32150315
Convert -346405 (base 7) to base 12.
-30064
-111212000012 (base 3) to base 11
-176935
Convert 9c35d (base 14) to base 11.
23a008
-6327b (base 13) to base 7
-1342052
2707753 (base 9) to base 7
15411351
-132133200200 (base 4) to base 3
-120001002211222
What is 2732463 (base 8) in base 11?
484520
-2a4b12 (base 15) to base 14
-3b1b32
What is -2820172 (base 11) in base 10?
-4861012
What is -228859 (base 13) in base 15?
-1128aa
50446510 (base 8) to base 6
1015551332
2879d (base 15) to base 5
13124343
What is -76016 (base 11) in base 4?
-122332122
-41004d (base 14) to base 6
-114533513
Convert -21112420 (base 5) to base 15.
-37225
58582 (base 15) to base 9
467865
Convert -347a77 (base 11) to base 7.
-4460200
What is 349116 (base 10) in base 3?
122201220020
-1200030223 (base 5) to base 11
-15a9918
-6848a0 (base 12) to base 14
-315760
23652614 (base 9) to base 16
b03a85
6423104 (base 7) to base 9
1416532
Convert 1020111211000 (base 3) to base 14.
132550
What is 161c6e6 (base 15) in base 12?
54561a6
Convert -14330024 (base 7) to base 15.
-1ba7db
What is -10000000101001111001011 (base 2) in base 4?
-100011033023
What is -a16ca (base 13) in base 7?
-2312346
8b4462 (base 12) to base 6
115415002
55740 (base 10) to base 14
16456
Convert -112122503 (base 6) to base 7.
-23354022
Convert -836020 (base 9) to base 5.
-111341332
1111001110010011011000 (base 2) to base 6
221311400
What is -d38dd (base 14) in base 6?
-14530203
What is -12002111202112 (base 3) in base 7?
-32001653
Convert 202210121020 (base 3) to base 10.
409407
Convert -2a32b (base 14) to base 3.
-12022220011
110102000202 (base 3) to base 14
65015
Convert 122013330122 (base 4) to base 15.
9041c2
What is 421040311 (base 5) in base 7?
20523004
What is -8634b (base 14) in base 15?
-661ec
What is 10540103 (base 6) in base 7?
2516502
What is 840059 (base 12) in base 8?
7722105
What is -207848 (base 10) in base 15?
-418b8
What is 430a7 (base 13) in base 4?
131202030
Convert 34431112 (base 5) to base 11.
1a2a68
What is 4db43 (base 14) in base 10?
191551
What is 12111010111 (base 3) in base 15?
21ee1
23154415 (base 8) to base 14
95155b
What is 26ebc (base 15) in base 9?
210206
Convert 906a4 (base 11) to base 12.
648a9
749748 (base 11) to base 7
13122020
What is -101011001000000111110 (base 2) in base 15?
-1cdac2
-1523454 (base 12) to base 9
-8038481
-11000000112 (base 3) to base 13
-29ac5
Convert -155452402 (base 6) to base 11.
-1989506
What is 11333d (base 16) in base 10?
1127229
-6b83a (base 14) to base 11
-16a085
What is 20110011021 (base 3) in base 10?
126961
What is 132052 (base 6) in base 12?
7028
358700 (base 11) to base 13
16b610
Convert 3b856 (base 13) to base 8.
331251
Convert -d8971 (base 16) to base 4.
-3120211301
Convert 1a7c2b (base 13) to base 5.
133034342
What is -202945 (base 12) in base 14?
-d1189
What is -10000010010100110111101 (base 2) in base 13?
-b66a4c
What is -111737 (base 9) in base 15?
-14c7a
Convert -21822a (base 12) to base 8.
-2020102
What is 100340 (base 13) in base 8?
1326214
What is -20874 (base 16) in base 14?
-367ac
-84cd0 (base 14) to base 10
-320838
What is 25337 (base 10) in base 11?
18044
Convert 10110104442 (base 5) to base 14.
1507146
What is 350205 (base 6) in base 13?
107ab
What is -cd952 (base 16) in base 13?
-236384
Convert 52526334 (base 7) to base 12.
15a3980
Convert -433a121 (base 11) to base 10.
-7626774
What is -39ca706 (base 13) in base 6?
-1445455255
Convert -488e9c (base 16) to base 12.
-1713964
-23148 (base 9) to base 11
-10661
What is 1210222201112 (base 3) in base 11?
5a9515
Convert -6ac11 (base 16) to base 3.
-211012211000
What is 45c505 (base 15) in base 14?
62a543
1012200110012 (base 3) to base 10
643307
-121221022221 (base 3) to base 7
-2555665
156833 (base 14) to base 15
eb956
-936907 (base 10) to base 2
-11100100101111001011
Convert 2100002210002 (base 3) to base 2.
100101111001111001000
Convert -4e34c (base 15) to base 16.
-3d281
-1763913 (base 10) to base 16
-1aea49
Convert 55ac4 (base 13) to base 7.
1215522
What is -1842947 (base 12) in base 11?
-2949a52
24250051 (base 6) to base 2
10111011101000101111
Convert 4361a5 (base 16) to base 11.
2546813
-e73dc (base 15) to base 14
-151317
10022120022 (base 4) to base 5
234403312
Convert 419109 (base 16) to base 8.
20310411
-100100010111001110011 (base 2) to base 6
-41312215
Convert 193830 (base 10) to base 8.
572446
What is -23123321222 (base 4) in base 6?
-144131002
24478 (base 12) to base 2
1011111110011100
Convert -64c47f (base 16) to base 9.
-13374760
641022 (base 8) to base 13
7625a
What is 1024104023 (base 5) in base 15?
2ce8e3
b0cca (base 15) to base 13
167a2b
Convert 15532502 (base 8) to base 16.
36b542
Convert -34323334 (base 6) to base 4.
-10001013022
Convert 1863861 (base 11) to base 15.
424298
1021111 (base 5) to base 6
210503
Convert 1010111000011100110011 (base 2) to base 3.
12100221010001
-11312444 (base 5) to base 16
-196bc
Convert 1031033122 (base 4) to base 13.
b100a
Convert 1408ed (base 16) to base 10.
1313005
What is -c6132 (base 16) in base 13?
-22538a
Convert -933085 (base 12) to base 7.
-25415615
331160 (base 11) to base 16
810d2
What is 178699 (base 13) in base 10?
589936
What is -2a601b (base 15) in base 4?
-13303111130
What is 14a1928 (base 12) in base 8?
17772760
-188b07 (base 16) to base 8
-6105407
What is 43c947 (base 13) in base 5?
402130144
What is -3318457 (base 10) in base 9?
-6217054
2c2c (base 13) to base 15
1daa
Convert -11511325 (base 6) to base 3.
-200122120122
-2616a9 (base 11) to base 13
-11577b
What is 102012322 (base 4) in base 16?
121ba
What is 31111121010 (base 4) in base 16?
355644
What is 65af05 (base 16) in base 14?
c5679b
What is 541315 (base 10) in base 2?
10000100001010000011
Convert -d105 (base 16) to base 10.
-53509
What is f28bb (base 16) in base 14?
1bc09d
Convert -1728523 (base 12) to base 13.
-cb65a7
-167c6a (base 14) to base 13
-218753
What is 1311d0c (base 14) in base 9?
18251735
Convert -406 (base 11) to base 4.
-13222
Convert -129435 (base 11) to base 16.
-31852
Convert -1236242 (base 7) to base 9.
-264332
-1106996 (base 10) to base 4
-10032100310
What is 31131706 (base 8) in base 6?
353241450
Convert 2a6c9 (base 15) to base 6.
2532043
Convert 14500104 (base 7) to base 12.
565703
-1412c7 (base 16) to base 12
-535373
69095 (base 10) to base 15
15715
Convert 130331211 (base 4) to base 6.
2313113
What is -2211101002 (base 3) in base 12?
-28278
Convert 21200012 (base 5) to base 2.
101011011111010100
Convert -11355633 (base 7) to base 4.
-3311201103
12166441 (base 7) to base 12
448181
What is -1240244 (base 6) in base 10?
-67492
What is -43260 (base 9) in base 6?
-340343
Convert e6e7 (base 16) to base 11.
40458
What is 23250 (base 13) in base 15?
13ee6
-11252150 (base 6) to base 15
-6d69c
What is -2915113 (base 13) in base 10?
-13034986
-5992699 (base 10) to base 7
-101636266
3135255 (base 7) to base 8
1343672
-53170 (base 15) to base 4
-1000112130
Convert 1046ec (base 15) to base 6.
24333223
-7b8382 (base 12) to base 16
-1e4712
Convert -26351b (base 12) to base 15.
-c6122
What is 13144430 (base 5) in base 8?
400250
Convert -14303131302 (base 5) to base 2.
-1000111101110010110011101
What is -46620 (base 7) in base 13?
-55aa
What is -3302000331 (base 4) in base 12?
-3b97b9
What is 5b852 (base 12) in base 3?
20021221222
Convert -14037407 (base 8) to base 16.
-303f07
6743653 (base 8) to base 15
25e677
Convert -25042414 (base 8) to base 10.
-5522700
-271811 (base 10) to base 2
-1000010010111000011
Convert -1003131010 (base 4) to base 11.
-179645
-b81be4 (base 15) to base 2
-100001011011101100011101
Convert -263619 (base 11) to base 9.
-701753
What is -222210020 (base 3) in base 16?
-4c47
Convert 13523165 (base 7) to base 14.
24d76c
What is 2268a (base 11) in base 4?
20000000
What is -222233213310 (base 4) in base 13?
-2424255
110202210 (base 4) to base 5
10143012
Convert 3203767 (base 8) to base 12.
352273
